{"id":1717,"date":"2020-03-02T10:44:09","date_gmt":"2020-03-02T10:44:09","guid":{"rendered":"https:\/\/klippan.berndtssons.xn--fretagspresentation-q6b.nu\/?page_id=1717"},"modified":"2026-02-22T21:02:51","modified_gmt":"2026-02-22T20:02:51","slug":"moped","status":"publish","type":"page","link":"https:\/\/berndtssons.nu\/angelholm\/moped\/","title":{"rendered":"Moped klass I"},"content":{"rendered":"\n<h1>\n\t\t\tMoped klass I &amp; II\t<\/h1>\n\t<h2><strong><br \/>\nAM UTBILDNING 2026\ud83d\udef5<\/strong><\/h2>\nDen 1 Februari 2026 b\u00f6rjade en ny f\u00f6reskrift att g\u00e4lla f\u00f6r AM-utbildning. I och med den nya f\u00f6reskriften s\u00e5 kommer lite nyheter i utbildningen. Du hittar den nya f\u00f6reskriften h\u00e4r: <a href=\"https:\/\/www.transportstyrelsen.se\/TSFS\/TSFS%202025_45.pdf\">TSFS 2025:45<\/a><br \/>\nUtbildningen \u00e4r mer omfattande i tid och inneh\u00e5ll; Minst 17 timmars utbildning f\u00f6rdelat p\u00e5 minst 10 timmar teori, minst 2 timmar p\u00e5 man\u00f6verbana och minst 5 timmar enskild k\u00f6rning i trafik.<br \/>\nInneh\u00e5llet \u00e4r ocks\u00e5 mer styrt mot risker och p\u00e5verkan av unga f\u00f6rare i trafiken. Detta \u00e4r p.g.a. att myndigheterna\u00a0 Transportstyrelsen och Trafikverket sett en \u00f6kning av olyckor i de l\u00e4gre \u00e5ldrarna de senaste \u00e5ren med mopeder och A-traktorer.\n<p><strong>Vi tar emot intresseanm\u00e4lningar f\u00f6r utbildningen i <a href=\"https:\/\/berndtssons_angelholm.tctabs.se\/p\u00e5melding\/2685\/intresselista-for-am-kurs-pa-sommarlovet-runt-v-25-som-inte-ligger-bokningsbar-annu\">denna l\u00e4nk<\/a>. Du kan ocks\u00e5 boka dig p\u00e5 AM-kurs via v\u00e5r e-handel, d\u00e4r f\u00e5r du ocks\u00e5 alla datum.\u00a0<\/strong><\/p>\n<strong><br \/>\n<\/strong>Vi hj\u00e4lper dig p\u00e5 v\u00e4gen mot ditt mopedk\u00f6rkort!\n<p>Vi utbildar endast p\u00e5 2-hjulig moped men du f\u00e5r sj\u00e4lvklart \u00e4ven k\u00f6ra mopedbil och A-traktor n\u00e4r du klarat ditt AM-k\u00f6rkort.<\/p>\n<p>S\u00e5 h\u00e4r g\u00e5r utbildningen till:<\/p>\n<strong>TEORI<br \/>\n<\/strong>Du deltar p\u00e5 10 timmars obligatorisk teori. H\u00e4r f\u00e5r du lyssna p\u00e5 v\u00e5ra engagerade och v\u00e4lutbildade l\u00e4rare\u00a0 och delta i diskussioner, v\u00e4rderings\u00f6vningar och grupparbeten. Vi har \u00e4ven marknadens\u00a0 b\u00e4sta teorimaterial (b\u00e5de digitalt och analogt) fr\u00e5n STR, Sveriges Trafikutbildares Riksf\u00f6rbund. Detta ger dig de absolut b\u00e4sta f\u00f6ruts\u00e4ttningarna f\u00f6r att du ska bli en s\u00e4ker f\u00f6rare och klara ditt teoriprov. Beh\u00f6ver du hj\u00e4lp och st\u00f6d med teorin finns vi alltid tillhands under kontorets \u00f6ppettider.\n<p>Med de nya reglerna m\u00e5ste du vara beredd p\u00e5 att l\u00e4gga ner mycket energi p\u00e5 ditt AM-k\u00f6rkort och f\u00f6r ett mer effektivt resultat ser vi g\u00e4rna att du har pluggat p\u00e5 teorin redan innan utbildningen. Teorin f\u00e5s vid betalning av kursen.<\/p>\n<p>L\u00e4s- och skrivsv\u00e5righeter?\u00a0Ber\u00e4tta f\u00f6r oss s\u00e5 hj\u00e4lper vi dig! Vi har specialutbildad personal.<\/p>\n<p><strong>PRAKTIK<\/strong><\/p>\n<strong>Man\u00f6verbana<br \/>\n<\/strong>K\u00f6rningen b\u00f6rjar med att du f\u00e5r tr\u00e4na p\u00e5 man\u00f6verbana i grupp p\u00e5 4 elever med varsin moped under 2 timmar. H\u00e4r ing\u00e5r bl a hur du hanterar mopeden, kurvteknik och bromsteknik f\u00f6r att du ska k\u00e4nna dig s\u00e4ker innan vi ger oss ut i trafiken f\u00f6r att tr\u00e4na.\n<p>Vi tillhandah\u00e5ller moped, ryggskydd, hj\u00e4lm och handskar s\u00e5 att du ska k\u00e4nna dig s\u00e4ker n\u00e4r du k\u00f6r. Det \u00e4r viktigt att du har helt\u00e4ckande kraftiga kl\u00e4der samt stabila skor\/k\u00e4ngor n\u00e4r du k\u00f6r.<\/p>\n<strong>K\u00f6rning i trafik<br \/>\n<\/strong>Med tanke p\u00e5 dagens trafik jobbar vi mycket med att du ska bli en s\u00e4ker f\u00f6rare. Hos oss f\u00e5r du d\u00e4rf\u00f6r mycket tr\u00e4ning ute i trafiken i och omkring \u00c4ngelholm; 5 timmars enskild k\u00f6rning med l\u00e4rare. Vi b\u00f6rjar med mindre trafikerade v\u00e4gar, landsv\u00e4g och avslutar i stadstrafik med mycket trafik. Du f\u00e5r \u00f6va p\u00e5 riskfyllda situationer f\u00f6r att bli en trygg och s\u00e4ker f\u00f6rare. Du och din l\u00e4rare kommunicerar via radio under k\u00f6rningen. Det kan beh\u00f6vas fler lektioner f\u00f6r att bli godk\u00e4nd, dessa ing\u00e5r inte i paketpriset, men i s\u00e5 fall kommunicerar vi detta till dig och dina v\u00e5rdnadshavare.\n<p>Barmark kr\u00e4vs f\u00f6r att genomf\u00f6ra k\u00f6rning d\u00e5 din s\u00e4kerhet \u00e4r viktig f\u00f6r oss!<\/p>\n<p>F\u00f6r att du ska f\u00e5 \u00f6vningsk\u00f6ra med moped klass I m\u00e5ste du vara minst 14 \u00e5r och 9 m\u00e5nader samt ha ett giltigt k\u00f6rkortstillst\u00e5nd. Detta ans\u00f6ker du om <a title=\"H\u00c4R\" href=\"https:\/\/www.transportstyrelsen.se\/sv\/vagtrafik\/e-tjanster-och-blanketter\/e-tjanster-inom-vagtrafik\/?tab=korkort&amp;eservice=korkortstillstand(grupp1)-ansok#eservice130157\" target=\"_blank\" rel=\"noopener\">H\u00c4R.<\/a><\/p>\n<p><strong>KUNSKAPSPROV<\/strong><\/p>\n<strong>Mopedklass I (AM)<\/strong><br \/>\nDet slutliga teoriprovet p\u00e5 Trafikverket bokas via kontoret n\u00e4r du gjort klart din utbildning. Provet best\u00e5r av 65 fr\u00e5gor och du har 50 min p\u00e5 dig. F\u00f6r att vara godk\u00e4nd beh\u00f6ver du minst 52 r\u00e4tt.<br \/>\nDu kan f\u00e5 f\u00f6rl\u00e4ngd tid eller muntligt prov om du har l\u00e4s-och skrivsv\u00e5righeter, detta ans\u00f6ker du om hos Trafikverket. Fr\u00e5ga oss om du beh\u00f6ver hj\u00e4lp!\n<p>Vi hj\u00e4lper dig att klara ditt teoriprov, vi har mycket god statistik p\u00e5 kunskapsproven bland de elever som tidigare utbildat sig hos oss!<\/p>\n<strong>Moped klass II<\/strong><br \/>\nDet avslutande provet \u00e4r enbart teoretiskt och g\u00f6rs p\u00e5 trafikskolan.<br \/>\nKunskapsprovet omfattar 35 fr\u00e5gor om fordonet, regler, m\u00e4nniskan, risker och milj\u00f6n. Du m\u00e5ste ha minst 28 r\u00e4tt f\u00f6r att bli godk\u00e4nd.\n<p><em>OBS! Ska du k\u00f6ra klass I (EU-moped) kr\u00e4vs ett AM-k\u00f6rkort medan klass II endast kr\u00e4ver ett f\u00f6rarbevis. Fr\u00e5ga oss s\u00e5 ber\u00e4ttar vi mer!<\/em><\/p>\n<p><strong>PRIS<\/strong><\/p>\n<ul>\n<li><strong>Moped klass I (AM)<\/strong>\u00a0 \u00a010.500:- (teoriabonnemang i 12 m\u00e5nader ing\u00e5r)<\/li>\n<li><strong>Moped klass II \u00a0<\/strong>\u00a0 \u00a0 \u00a0 \u00a0 4.950:- (teoriabonnemang i 12 m\u00e5nader samt 1 slutprov ing\u00e5r. Omprov\/ytterligare prov kostar 420:-)<\/li>\n<\/ul>\n<p>&nbsp;<\/p>\n<p><strong>Kostnader till Transportstyrelsen och Trafikverket (g\u00e4ller moped klass I (AM)<\/strong><\/p>\n<p>Kunskapsprov klass I\u00a0 \u00a0 \u00a0 \u00a0 \u00a0 \u00a0 \u00a0 \u00a0 \u00a0 \u00a0 \u00a0 \u00a0 \u00a0 \u00a0 \u00a0 \u00a0 420:-<\/p>\n<p>Tillverkning k\u00f6rkort klass I samt foto\u00a0 \u00a0 \u00a0320:- + 120:-<\/p>\n<p>Tillverkning f\u00f6rarbevis klass II\u00a0 \u00a0 \u00a0 \u00a0 \u00a0 \u00a0 \u00a0 \u00a0 \u00a0320:-<\/p>\nV\u00e4lkommen att kontakta oss f\u00f6r mera information\u00a0p\u00e5 tel\u00a0<a>0431-808 50<br \/>\n<\/a>Sk\u00e5nes enda kvalitetscertifierade utbildare!\n<p>&nbsp;<\/p>\n<h4>Klass I ger dig r\u00e4tt att k\u00f6ra:<\/h4>\n<ul>\n<li>Klass I (AM 45 km\/h) och klass II (25 km\/h)<\/li>\n<li>Traktor<\/li>\n<li>Motorredskap klass II<\/li>\n<\/ul>\n<h4>Klass II ger dig r\u00e4tt att k\u00f6ra:<\/h4>\n<ul>\n<li>klass II (25 km\/h)<\/li>\n<\/ul>\n<p>&nbsp;<\/p>\n<p>&nbsp;<\/p>\n\t\t\t\t<img decoding=\"async\" src=\"https:\/\/berndtssons.nu\/angelholm\/wp-content\/uploads\/sites\/5\/2020\/03\/top_23.jpg\" alt=\"Trafikskolel\u00e4rare st\u00e5r leende bredvid en scooter. I bakgrunden syns en l\u00f6vskog. Texten Moped klass1 &amp; 2 och Berndtssons Trafikskolas logotyp ligger inlagd i bilden.\" height=\"396\" width=\"727\" title=\"top_23\" loading=\"lazy\" \/>\n\t\t\t<a href=\"https:\/\/berndtssons.nu\/angelholm\/e-handel\" target=\"_self\">\n\t\t\t\t\t\t\tAnm\u00e4l dig till AM\n\t\t\t\t\t<\/a>\n\t\t\t<a href=\"https:\/\/berndtssons.nu\/angelholm\/utbildningar\/elevanmalan\/\" target=\"_self\">\n\t\t\t\t\t\t\tAnm\u00e4l dig till moped klass II\n\t\t\t\t\t<\/a>\n\t<h3>D\u00e4rf\u00f6r ska du ta ditt AM-k\u00f6rkort hos oss:<\/h3>\n<p>* <strong>Du f\u00e5r mycket tr\u00e4ning ute i trafiken, minst 5 timmars enskild k\u00f6rning med l\u00e4rare.<\/strong> Vi b\u00f6rjar tr\u00e4na p\u00e5 man\u00f6verbana i grupp om 4 deltagare d\u00e4r varje elev har en moped under 2 timmar s\u00e5 att du blir bekv\u00e4m med mopeden, men det \u00e4r den enskilda k\u00f6rningen ute i trafiken med l\u00e4rare som g\u00f6r dig till en trygg och s\u00e4ker f\u00f6rare!<\/p>\n<p>* <strong>Vi har egna kurser f\u00f6r mopedk\u00f6rkort vilket g\u00f6r att inl\u00e4rningen blir mer effektiv.<\/strong> Om du beh\u00f6ver extra st\u00f6d t ex om du har n\u00e5gon diagnos \u00e4r vi specialutbildade inom detta omr\u00e5de. Du kan f\u00e5 enskilda teorilektioner mot extra kostnad, sitta p\u00e5 trafikskolan och plugga efter kursen och f\u00e5 hj\u00e4lp av v\u00e5r duktiga personal med fr\u00e5gor.<\/p>\n<p>* <strong>Vi tar ansvar f\u00f6r att leverera en f\u00f6rstklassig utbildning f\u00f6r att du ska bli en s\u00e4ker f\u00f6rare i trafiken.\u00a0<\/strong>Du f\u00e5r ett unikt engagemang fr\u00e5n oss p\u00e5 Berndtssons Trafikskola &#8211; v\u00e5ra l\u00e4rare har schysta villkor, f\u00e5r vidareutbildning kontinuerligt och \u00e4r med dig hela v\u00e4gen.<\/p>\n<p>* <strong>Vi\u00a0ger dig de b\u00e4sta\u00a0f\u00f6ruts\u00e4ttningarna att klara Trafikverkets teoriprov. <\/strong>Du f\u00e5r STR:s senaste material, <strong>K\u00f6rkortsboken Moped <\/strong>(digitalt + analogt)\u00a0ett helt nytt koncept som \u00e4r s\u00e4rskilt anpassat till m\u00e5lgruppen inklusive 4-hjuliga fordon. Forskning visar att den b\u00e4sta inl\u00e4rningen sker n\u00e4r digitala verktyg kombineras med analoga hj\u00e4lpmedel. V\u00e5ra l\u00e4rare har utbildats enligt de senaste r\u00f6nen och allt detta tillsammans ger dig de b\u00e4sta f\u00f6ruts\u00e4ttningarna att klara teoriprovet. Vi hj\u00e4lper dig \u00e4ven efter kursen d\u00e5 du kan sitta p\u00e5 trafikskolan och f\u00e5 hj\u00e4lp av v\u00e5r kunniga och engagerade personal.<\/p>\n\n","protected":false},"excerpt":{"rendered":"<p>Moped klass I &amp; II AM UTBILDNING 2026\ud83d\udef5 Den 1 Februari 2026 b\u00f6rjade en ny f\u00f6reskrift att g\u00e4lla f\u00f6r AM-utbildning. I och med den nya f\u00f6reskriften s\u00e5 kommer lite nyheter i utbildningen. Du hittar den nya f\u00f6reskriften h\u00e4r: TSFS 2025:45 Utbildningen \u00e4r mer omfattande i tid och inneh\u00e5ll; Minst 17 timmars utbildning f\u00f6rdelat p\u00e5 minst&hellip;<\/p>\n","protected":false},"author":2,"featured_media":0,"parent":0,"menu_order":0,"comment_status":"closed","ping_status":"closed","template":"","meta":{"footnotes":""},"class_list":["post-1717","page","type-page","status-publish","hentry"],"yoast_head":"<!-- This site is optimized with the Yoast SEO plugin v27.4 - https:\/\/yoast.com\/product\/yoast-seo-wordpress\/ -->\n<title>Moped klass I - Berndtssons Trafikskola i \u00c4ngelholm<\/title>\n<meta name=\"description\" content=\"Moped \u00e4r f\u00f6r m\u00e5nga v\u00e4gen till friheten. Vi hj\u00e4lper dig att ta ditt k\u00f6rkort p\u00e5 ett bra och enkelt s\u00e4tt. Vi utbildar f\u00f6r klass I och II.\" \/>\n<meta name=\"robots\" content=\"index, follow, max-snippet:-1, max-image-preview:large, max-video-preview:-1\" \/>\n<link rel=\"canonical\" href=\"https:\/\/berndtssons.nu\/angelholm\/moped\/\" \/>\n<meta property=\"og:locale\" content=\"sv_SE\" \/>\n<meta property=\"og:type\" content=\"article\" \/>\n<meta property=\"og:title\" content=\"Moped klass I - Berndtssons Trafikskola i \u00c4ngelholm\" \/>\n<meta property=\"og:description\" content=\"Moped \u00e4r f\u00f6r m\u00e5nga v\u00e4gen till friheten. Vi hj\u00e4lper dig att ta ditt k\u00f6rkort p\u00e5 ett bra och enkelt s\u00e4tt. Vi utbildar f\u00f6r klass I och II.\" \/>\n<meta property=\"og:url\" content=\"https:\/\/berndtssons.nu\/angelholm\/moped\/\" \/>\n<meta property=\"og:site_name\" content=\"Berndtssons Trafikskola i \u00c4ngelholm\" \/>\n<meta property=\"article:publisher\" content=\"https:\/\/www.facebook.com\/Berndtssonsangelholm\" \/>\n<meta property=\"article:modified_time\" content=\"2026-02-22T20:02:51+00:00\" \/>\n<meta property=\"og:image\" content=\"https:\/\/berndtssons.nu\/angelholm\/wp-content\/uploads\/sites\/5\/2020\/03\/top_23.jpg\" \/>\n<meta name=\"twitter:card\" content=\"summary_large_image\" \/>\n<meta name=\"twitter:label1\" content=\"Ber\u00e4knad l\u00e4stid\" \/>\n\t<meta name=\"twitter:data1\" content=\"6 minuter\" \/>\n<script type=\"application\/ld+json\" class=\"yoast-schema-graph\">{\"@context\":\"https:\\\/\\\/schema.org\",\"@graph\":[{\"@type\":\"WebPage\",\"@id\":\"https:\\\/\\\/berndtssons.nu\\\/angelholm\\\/moped\\\/\",\"url\":\"https:\\\/\\\/berndtssons.nu\\\/angelholm\\\/moped\\\/\",\"name\":\"Moped klass I - Berndtssons Trafikskola i \u00c4ngelholm\",\"isPartOf\":{\"@id\":\"https:\\\/\\\/berndtssons.nu\\\/angelholm\\\/#website\"},\"primaryImageOfPage\":{\"@id\":\"https:\\\/\\\/berndtssons.nu\\\/angelholm\\\/moped\\\/#primaryimage\"},\"image\":{\"@id\":\"https:\\\/\\\/berndtssons.nu\\\/angelholm\\\/moped\\\/#primaryimage\"},\"thumbnailUrl\":\"https:\\\/\\\/berndtssons.nu\\\/angelholm\\\/wp-content\\\/uploads\\\/sites\\\/5\\\/2020\\\/03\\\/top_23.jpg\",\"datePublished\":\"2020-03-02T10:44:09+00:00\",\"dateModified\":\"2026-02-22T20:02:51+00:00\",\"description\":\"Moped \u00e4r f\u00f6r m\u00e5nga v\u00e4gen till friheten. Vi hj\u00e4lper dig att ta ditt k\u00f6rkort p\u00e5 ett bra och enkelt s\u00e4tt. Vi utbildar f\u00f6r klass I och II.\",\"breadcrumb\":{\"@id\":\"https:\\\/\\\/berndtssons.nu\\\/angelholm\\\/moped\\\/#breadcrumb\"},\"inLanguage\":\"sv-SE\",\"potentialAction\":[{\"@type\":\"ReadAction\",\"target\":[\"https:\\\/\\\/berndtssons.nu\\\/angelholm\\\/moped\\\/\"]}]},{\"@type\":\"ImageObject\",\"inLanguage\":\"sv-SE\",\"@id\":\"https:\\\/\\\/berndtssons.nu\\\/angelholm\\\/moped\\\/#primaryimage\",\"url\":\"https:\\\/\\\/berndtssons.nu\\\/angelholm\\\/wp-content\\\/uploads\\\/sites\\\/5\\\/2020\\\/03\\\/top_23.jpg\",\"contentUrl\":\"https:\\\/\\\/berndtssons.nu\\\/angelholm\\\/wp-content\\\/uploads\\\/sites\\\/5\\\/2020\\\/03\\\/top_23.jpg\",\"width\":727,\"height\":396,\"caption\":\"Trafikskolel\u00e4rare st\u00e5r leende bredvid en scooter. I bakgrunden syns en l\u00f6vskog. Texten Moped klass1 & 2 och Berndtssons Trafikskolas logotyp ligger inlagd i bilden.\"},{\"@type\":\"BreadcrumbList\",\"@id\":\"https:\\\/\\\/berndtssons.nu\\\/angelholm\\\/moped\\\/#breadcrumb\",\"itemListElement\":[{\"@type\":\"ListItem\",\"position\":1,\"name\":\"Hem\",\"item\":\"https:\\\/\\\/berndtssons.nu\\\/angelholm\\\/\"},{\"@type\":\"ListItem\",\"position\":2,\"name\":\"Moped klass I\"}]},{\"@type\":\"WebSite\",\"@id\":\"https:\\\/\\\/berndtssons.nu\\\/angelholm\\\/#website\",\"url\":\"https:\\\/\\\/berndtssons.nu\\\/angelholm\\\/\",\"name\":\"Berndtssons Trafikskola i \u00c4ngelholm\",\"description\":\"Ta k\u00f6rkort med oss\",\"publisher\":{\"@id\":\"https:\\\/\\\/berndtssons.nu\\\/angelholm\\\/#organization\"},\"potentialAction\":[{\"@type\":\"SearchAction\",\"target\":{\"@type\":\"EntryPoint\",\"urlTemplate\":\"https:\\\/\\\/berndtssons.nu\\\/angelholm\\\/?s={search_term_string}\"},\"query-input\":{\"@type\":\"PropertyValueSpecification\",\"valueRequired\":true,\"valueName\":\"search_term_string\"}}],\"inLanguage\":\"sv-SE\"},{\"@type\":\"Organization\",\"@id\":\"https:\\\/\\\/berndtssons.nu\\\/angelholm\\\/#organization\",\"name\":\"Berndtssons Trafikskola i \u00c4ngelholm\",\"url\":\"https:\\\/\\\/berndtssons.nu\\\/angelholm\\\/\",\"logo\":{\"@type\":\"ImageObject\",\"inLanguage\":\"sv-SE\",\"@id\":\"https:\\\/\\\/berndtssons.nu\\\/angelholm\\\/#\\\/schema\\\/logo\\\/image\\\/\",\"url\":\"https:\\\/\\\/berndtssons.nu\\\/angelholm\\\/wp-content\\\/uploads\\\/sites\\\/5\\\/2020\\\/05\\\/cropped-lovet.png\",\"contentUrl\":\"https:\\\/\\\/berndtssons.nu\\\/angelholm\\\/wp-content\\\/uploads\\\/sites\\\/5\\\/2020\\\/05\\\/cropped-lovet.png\",\"width\":512,\"height\":512,\"caption\":\"Berndtssons Trafikskola i \u00c4ngelholm\"},\"image\":{\"@id\":\"https:\\\/\\\/berndtssons.nu\\\/angelholm\\\/#\\\/schema\\\/logo\\\/image\\\/\"},\"sameAs\":[\"https:\\\/\\\/www.facebook.com\\\/Berndtssonsangelholm\"]}]}<\/script>\n<!-- \/ Yoast SEO plugin. -->","yoast_head_json":{"title":"Moped klass I - Berndtssons Trafikskola i \u00c4ngelholm","description":"Moped \u00e4r f\u00f6r m\u00e5nga v\u00e4gen till friheten. Vi hj\u00e4lper dig att ta ditt k\u00f6rkort p\u00e5 ett bra och enkelt s\u00e4tt. Vi utbildar f\u00f6r klass I och II.","robots":{"index":"index","follow":"follow","max-snippet":"max-snippet:-1","max-image-preview":"max-image-preview:large","max-video-preview":"max-video-preview:-1"},"canonical":"https:\/\/berndtssons.nu\/angelholm\/moped\/","og_locale":"sv_SE","og_type":"article","og_title":"Moped klass I - Berndtssons Trafikskola i \u00c4ngelholm","og_description":"Moped \u00e4r f\u00f6r m\u00e5nga v\u00e4gen till friheten. Vi hj\u00e4lper dig att ta ditt k\u00f6rkort p\u00e5 ett bra och enkelt s\u00e4tt. Vi utbildar f\u00f6r klass I och II.","og_url":"https:\/\/berndtssons.nu\/angelholm\/moped\/","og_site_name":"Berndtssons Trafikskola i \u00c4ngelholm","article_publisher":"https:\/\/www.facebook.com\/Berndtssonsangelholm","article_modified_time":"2026-02-22T20:02:51+00:00","og_image":[{"url":"https:\/\/berndtssons.nu\/angelholm\/wp-content\/uploads\/sites\/5\/2020\/03\/top_23.jpg","type":"","width":"","height":""}],"twitter_card":"summary_large_image","twitter_misc":{"Ber\u00e4knad l\u00e4stid":"6 minuter"},"schema":{"@context":"https:\/\/schema.org","@graph":[{"@type":"WebPage","@id":"https:\/\/berndtssons.nu\/angelholm\/moped\/","url":"https:\/\/berndtssons.nu\/angelholm\/moped\/","name":"Moped klass I - Berndtssons Trafikskola i \u00c4ngelholm","isPartOf":{"@id":"https:\/\/berndtssons.nu\/angelholm\/#website"},"primaryImageOfPage":{"@id":"https:\/\/berndtssons.nu\/angelholm\/moped\/#primaryimage"},"image":{"@id":"https:\/\/berndtssons.nu\/angelholm\/moped\/#primaryimage"},"thumbnailUrl":"https:\/\/berndtssons.nu\/angelholm\/wp-content\/uploads\/sites\/5\/2020\/03\/top_23.jpg","datePublished":"2020-03-02T10:44:09+00:00","dateModified":"2026-02-22T20:02:51+00:00","description":"Moped \u00e4r f\u00f6r m\u00e5nga v\u00e4gen till friheten. Vi hj\u00e4lper dig att ta ditt k\u00f6rkort p\u00e5 ett bra och enkelt s\u00e4tt. Vi utbildar f\u00f6r klass I och II.","breadcrumb":{"@id":"https:\/\/berndtssons.nu\/angelholm\/moped\/#breadcrumb"},"inLanguage":"sv-SE","potentialAction":[{"@type":"ReadAction","target":["https:\/\/berndtssons.nu\/angelholm\/moped\/"]}]},{"@type":"ImageObject","inLanguage":"sv-SE","@id":"https:\/\/berndtssons.nu\/angelholm\/moped\/#primaryimage","url":"https:\/\/berndtssons.nu\/angelholm\/wp-content\/uploads\/sites\/5\/2020\/03\/top_23.jpg","contentUrl":"https:\/\/berndtssons.nu\/angelholm\/wp-content\/uploads\/sites\/5\/2020\/03\/top_23.jpg","width":727,"height":396,"caption":"Trafikskolel\u00e4rare st\u00e5r leende bredvid en scooter. I bakgrunden syns en l\u00f6vskog. Texten Moped klass1 & 2 och Berndtssons Trafikskolas logotyp ligger inlagd i bilden."},{"@type":"BreadcrumbList","@id":"https:\/\/berndtssons.nu\/angelholm\/moped\/#breadcrumb","itemListElement":[{"@type":"ListItem","position":1,"name":"Hem","item":"https:\/\/berndtssons.nu\/angelholm\/"},{"@type":"ListItem","position":2,"name":"Moped klass I"}]},{"@type":"WebSite","@id":"https:\/\/berndtssons.nu\/angelholm\/#website","url":"https:\/\/berndtssons.nu\/angelholm\/","name":"Berndtssons Trafikskola i \u00c4ngelholm","description":"Ta k\u00f6rkort med oss","publisher":{"@id":"https:\/\/berndtssons.nu\/angelholm\/#organization"},"potentialAction":[{"@type":"SearchAction","target":{"@type":"EntryPoint","urlTemplate":"https:\/\/berndtssons.nu\/angelholm\/?s={search_term_string}"},"query-input":{"@type":"PropertyValueSpecification","valueRequired":true,"valueName":"search_term_string"}}],"inLanguage":"sv-SE"},{"@type":"Organization","@id":"https:\/\/berndtssons.nu\/angelholm\/#organization","name":"Berndtssons Trafikskola i \u00c4ngelholm","url":"https:\/\/berndtssons.nu\/angelholm\/","logo":{"@type":"ImageObject","inLanguage":"sv-SE","@id":"https:\/\/berndtssons.nu\/angelholm\/#\/schema\/logo\/image\/","url":"https:\/\/berndtssons.nu\/angelholm\/wp-content\/uploads\/sites\/5\/2020\/05\/cropped-lovet.png","contentUrl":"https:\/\/berndtssons.nu\/angelholm\/wp-content\/uploads\/sites\/5\/2020\/05\/cropped-lovet.png","width":512,"height":512,"caption":"Berndtssons Trafikskola i \u00c4ngelholm"},"image":{"@id":"https:\/\/berndtssons.nu\/angelholm\/#\/schema\/logo\/image\/"},"sameAs":["https:\/\/www.facebook.com\/Berndtssonsangelholm"]}]}},"_links":{"self":[{"href":"https:\/\/berndtssons.nu\/angelholm\/wp-json\/wp\/v2\/pages\/1717","targetHints":{"allow":["GET"]}}],"collection":[{"href":"https:\/\/berndtssons.nu\/angelholm\/wp-json\/wp\/v2\/pages"}],"about":[{"href":"https:\/\/berndtssons.nu\/angelholm\/wp-json\/wp\/v2\/types\/page"}],"author":[{"embeddable":true,"href":"https:\/\/berndtssons.nu\/angelholm\/wp-json\/wp\/v2\/users\/2"}],"replies":[{"embeddable":true,"href":"https:\/\/berndtssons.nu\/angelholm\/wp-json\/wp\/v2\/comments?post=1717"}],"version-history":[{"count":49,"href":"https:\/\/berndtssons.nu\/angelholm\/wp-json\/wp\/v2\/pages\/1717\/revisions"}],"predecessor-version":[{"id":13715,"href":"https:\/\/berndtssons.nu\/angelholm\/wp-json\/wp\/v2\/pages\/1717\/revisions\/13715"}],"wp:attachment":[{"href":"https:\/\/berndtssons.nu\/angelholm\/wp-json\/wp\/v2\/media?parent=1717"}],"curies":[{"name":"wp","href":"https:\/\/api.w.org\/{rel}","templated":true}]}}